{"id":260,"date":"2020-01-08T07:25:52","date_gmt":"2020-01-08T07:25:52","guid":{"rendered":"http:\/\/www.nowa.gops-lniano.pl\/test\/?page_id=260"},"modified":"2020-01-08T07:25:52","modified_gmt":"2020-01-08T07:25:52","slug":"festyn-w-mukrzu-badz-aktywnym","status":"publish","type":"page","link":"https:\/\/gops-lniano.pl\/index.php\/festyn-w-mukrzu-badz-aktywnym\/","title":{"rendered":"Festyn w Mukrzu &#8211; &#8222;B\u0105d\u017a aktywnym&#8221;"},"content":{"rendered":"\n\t\t\t\t\n<p>\nDnia 30 lipca 2011 r. w ramach projektu systemowego \u201eB\u0105d\u017a aktywnym\u201d \nGminny O\u015brodek Pomocy Spo\u0142ecznej w Lnianie wraz z so\u0142ectwem Mukrz \nzorganizowali festyn rodzinny dla uczestnik\u00f3w projektu, ich rodzin oraz \nmieszka\u0144c\u00f3w gminy Lniano. Do g\u0142\u00f3wnych atrakcji nale\u017ca\u0142y m.in.: mo\u017cliwo\u015b\u0107\n wymalowania twarzy, turniej siatk\u00f3wki pla\u017cowej, pokaz karate w \nwykonaniu pa\u0144stwa Ma\u0107kowskich oraz pokaz gaszenia po\u017caru w wykonaniu \nstra\u017cy po\u017carnej gminy Lniano. Najwi\u0119ksz\u0105 atrakcj\u0105 festynu, a zarazem \ngo\u015bciem specjalnym by\u0142 kilkakrotny mistrz Polski w motocrossie i country\n cross \u2013 Karol Knap z Che\u0142mna, kt\u00f3ry po zaprezentowaniu motoru, \numo\u017cliwi\u0142 przeja\u017cd\u017ck\u0119 ka\u017cdej ch\u0119tnej osobie. Zorganizowano r\u00f3wnie\u017c \nszereg konkurs\u00f3w i zabaw zar\u00f3wno dla dzieci jak i doros\u0142ych m. in. \nkonkurs na najpi\u0119kniejsz\u0105 mumi\u0119, konkurs malowania pergoli, rzut \nworeczkiem do celu, konkurs na najpi\u0119kniej powiedziany wierszyk i \nza\u015bpiewan\u0105 piosenk\u0119, oraz inne. Wszyscy uczestnicy konkurs\u00f3w zostali \nwynagrodzeni s\u0142odyczami, z kolei dzieci otrzyma\u0142y drobne upominki w \npostaci kredek, pisak\u00f3w, blok\u00f3w rysunkowych, itp. Miedzy czasie BO oraz \ninni uczestnicy festynu mogli pocz\u0119stowa\u0107 si\u0119 darmow\u0105 groch\u00f3wk\u0105, domowym\n pieczywem, kie\u0142bask\u0105 grillow\u0105 oraz wy\u015bmienitym ciastem, wykonanym przez\n panie nale\u017c\u0105ce do Ko\u0142a Gospody\u0144 Wiejskich: \u201eAle babki\u201d z Mukrza. Festyn\n rodzinny oraz szereg atrakcji z nim zwi\u0105zanych wywo\u0142a\u0142 ogromne \nzadowolenie i u\u015bmiech na twarzach uczestnik\u00f3w festynu oraz ich rodzin.\n\n<\/p>\n\t\t","protected":false},"excerpt":{"rendered":"<p>Dnia 30 lipca 2011 r. w ramach projektu systemowego \u201eB\u0105d\u017a aktywnym\u201d Gminny O\u015brodek Pomocy Spo\u0142ecznej w Lnianie wraz z so\u0142ectwem Mukrz zorganizowali festyn rodzinny dla uczestnik\u00f3w projektu, ich rodzin oraz mieszka\u0144c\u00f3w gminy Lniano. Do g\u0142\u00f3wnych atrakcji nale\u017ca\u0142y m.in.: mo\u017cliwo\u015b\u0107 wymalowania twarzy, turniej siatk\u00f3wki pla\u017cowej, pokaz karate w wykonaniu pa\u0144stwa Ma\u0107kowskich oraz pokaz gaszenia po\u017caru w [&hellip;]<\/p>\n","protected":false},"author":2,"featured_media":0,"parent":0,"menu_order":0,"comment_status":"closed","ping_status":"closed","template":"","meta":{"ngg_post_thumbnail":0},"_links":{"self":[{"href":"https:\/\/gops-lniano.pl\/index.php\/wp-json\/wp\/v2\/pages\/260"}],"collection":[{"href":"https:\/\/gops-lniano.pl\/index.php\/wp-json\/wp\/v2\/pages"}],"about":[{"href":"https:\/\/gops-lniano.pl\/index.php\/wp-json\/wp\/v2\/types\/page"}],"author":[{"embeddable":true,"href":"https:\/\/gops-lniano.pl\/index.php\/wp-json\/wp\/v2\/users\/2"}],"replies":[{"embeddable":true,"href":"https:\/\/gops-lniano.pl\/index.php\/wp-json\/wp\/v2\/comments?post=260"}],"version-history":[{"count":0,"href":"https:\/\/gops-lniano.pl\/index.php\/wp-json\/wp\/v2\/pages\/260\/revisions"}],"wp:attachment":[{"href":"https:\/\/gops-lniano.pl\/index.php\/wp-json\/wp\/v2\/media?parent=260"}],"curies":[{"name":"wp","href":"https:\/\/api.w.org\/{rel}","templated":true}]}}