{"id":456,"date":"2020-01-24T07:54:02","date_gmt":"2020-01-24T07:54:02","guid":{"rendered":"http:\/\/gops-lniano.pl\/?page_id=456"},"modified":"2020-01-24T07:55:14","modified_gmt":"2020-01-24T07:55:14","slug":"2017-2","status":"publish","type":"page","link":"https:\/\/gops-lniano.pl\/index.php\/2017-2\/","title":{"rendered":"2017"},"content":{"rendered":"\n\n\n<p><strong>Gminny O\u015brodek Pomocy Spo\u0142ecznej\n w Lnianie serdecznie zaprasza do udzia\u0142u w programie wieloletnim \n,,Senior+&#8221; przewidzianym do realizacji od 1 lipca 2017r. do 31 grudnia \n2017r.<\/strong><\/p>\n\n\n\n<p><strong>Zapraszamy osoby b\u0119d\u0105ce \nmieszka\u0144cami gminy Lniano, w wieku 60+, nieaktywne zawodowo i pragn\u0105ce w\n spos\u00f3b aktywny wykorzystywa\u0107 sw\u00f3j czas wolny zw\u0142aszcza w zakresie \naktywno\u015bci ruchowej, w tym kinezyterapii- leczenia ruchem poprzez \ngimnastyk\u0119 i nordic walking. <\/strong><\/p>\n\n\n\n<p><strong>Ponadto zapraszamy senior\u00f3w do \nudzia\u0142u w zaj\u0119ciach muzycznych, warsztatach komputerowych, kulinarnych \npromuj\u0105cych zdrowy styl \u017cycia.<\/strong><\/p>\n\n\n\n<p><strong>Zaj\u0119cia odbywa\u0107 si\u0119 b\u0119d\u0105 w \u015bwietlicy wiejskiej w Lnianie. Udzia\u0142 w projekcie jest bezp\u0142atny. Ilo\u015b\u0107 miejsc jest ograniczona. <\/strong><strong>Szczeg\u00f3\u0142owe\n informacje o projekcie oraz zapisy mo\u017cna dokona\u0107 w siedzibie Gminnego \nO\u015brodka Pomocy Spo\u0142ecznej w Lnianie: ul. Wyzwolenia 9, od poniedzia\u0142ku \ndo pi\u0105tku w godz.7.00 do 15.00. Rekrutacja do udzia\u0142u w programie \n,,Senior+&#8221; trwa od 30 maja do 13 czerwca 2017r.<\/strong>  <\/p>\n\n\n\n<p class=\"has-text-align-right\">Kierownik Gminnego O\u015brodka Pomocy Spo\u0142ecznej w Lnianie <br>Janusz Rutkowski <\/p>\n\n\n\n<figure class=\"wp-block-image\"><img loading=\"lazy\" width=\"708\" height=\"402\" src=\"http:\/\/gops-lniano.pl\/wp-content\/uploads\/2020\/01\/seniorplus.png\" alt=\"\" class=\"wp-image-331\" srcset=\"https:\/\/gops-lniano.pl\/wp-content\/uploads\/2020\/01\/seniorplus.png 708w, https:\/\/gops-lniano.pl\/wp-content\/uploads\/2020\/01\/seniorplus-300x170.png 300w\" sizes=\"(max-width: 708px) 100vw, 708px\" \/><\/figure>\n\n\n<p><br><br><\/p>","protected":false},"excerpt":{"rendered":"<p>Gminny O\u015brodek Pomocy Spo\u0142ecznej w Lnianie serdecznie zaprasza do udzia\u0142u w programie wieloletnim ,,Senior+&#8221; przewidzianym do realizacji od 1 lipca 2017r. do 31 grudnia 2017r. Zapraszamy osoby b\u0119d\u0105ce mieszka\u0144cami gminy Lniano, w wieku 60+, nieaktywne zawodowo i pragn\u0105ce w spos\u00f3b aktywny wykorzystywa\u0107 sw\u00f3j czas wolny zw\u0142aszcza w zakresie aktywno\u015bci ruchowej, w tym kinezyterapii- leczenia ruchem [&hellip;]<\/p>\n","protected":false},"author":1,"featured_media":0,"parent":0,"menu_order":0,"comment_status":"closed","ping_status":"closed","template":"","meta":{"ngg_post_thumbnail":0},"_links":{"self":[{"href":"https:\/\/gops-lniano.pl\/index.php\/wp-json\/wp\/v2\/pages\/456"}],"collection":[{"href":"https:\/\/gops-lniano.pl\/index.php\/wp-json\/wp\/v2\/pages"}],"about":[{"href":"https:\/\/gops-lniano.pl\/index.php\/wp-json\/wp\/v2\/types\/page"}],"author":[{"embeddable":true,"href":"https:\/\/gops-lniano.pl\/index.php\/wp-json\/wp\/v2\/users\/1"}],"replies":[{"embeddable":true,"href":"https:\/\/gops-lniano.pl\/index.php\/wp-json\/wp\/v2\/comments?post=456"}],"version-history":[{"count":2,"href":"https:\/\/gops-lniano.pl\/index.php\/wp-json\/wp\/v2\/pages\/456\/revisions"}],"predecessor-version":[{"id":460,"href":"https:\/\/gops-lniano.pl\/index.php\/wp-json\/wp\/v2\/pages\/456\/revisions\/460"}],"wp:attachment":[{"href":"https:\/\/gops-lniano.pl\/index.php\/wp-json\/wp\/v2\/media?parent=456"}],"curies":[{"name":"wp","href":"https:\/\/api.w.org\/{rel}","templated":true}]}}